6) + 1). What is the greatest common factor of 14 and r?
14
Let c be (-32)/6*42/(-4). Let z be (-4 - (-4 - -3))*-1. Suppose t - 32 = -z*t. What is the highest common factor of c and t?
8
Let x(o) = 10*o**2 - o. Let w be ((-9)/27 + 4/3)/1. Let f be x(w). What is the greatest common divisor of 18 and f?
9
Suppose 4*g + 1 + 3 = 0. Let d be ((-4)/8)/(g/26). What is the highest common divisor of d and 91?
13
Let b = 169 + -168. What is the greatest common factor of b and 13?
1
Let q be (-2)/15 + (-2282)/210. Let t = q + 22. Calculate the highest common factor of 11 and t.
11
Suppose -5*a - 119 + 15 = -4*g, -3*a = -12. What is the highest common divisor of 1 and g?
1
Let l(z) = -9*z**2 + 10*z + 12. Let f(s) = -4*s**2 + 5*s + 6. Let b(v) = -5*f(v) + 2*l(v). Let y be b(-2). What is the highest common divisor of y and 84?
12
Let j be (65 - 62)/((-1)/(-84)). What is the highest common factor of 882 and j?
126
Let x = 158 - 148. Calculate the greatest common factor of 45 and x.
5
Let p(z) = 2*z - 5. Let a be p(9). Suppose -4*c + 9*c = -10, 0 = -5*o + 5*c + 595. What is the greatest common factor of o and a?
13
Let z(x) = 7*x**2 - 3*x - 20. Let y be z(5). What is the greatest common divisor of 70 and y?
70
Suppose -c = -4*w - 12, -3*w - 9 = -7*c + 2*c. Suppose -2 - 3 = -x. Suppose c = -v + x*v - 108. Calculate the highest common factor of 54 and v.
27
Let y be 24/4 + -1 + 0. Suppose y*c - 56 - 114 = 0. What is the greatest common divisor of 51 and c?
17
Let h(r) = -r + 9. Let u be h(0). Let j be (5 + 5)/(2 + -1). Let b = j - u. What is the highest common factor of 4 and b?
1
Let d be (240/28)/(-3)*(-14)/4. Suppose -n = 2*y - 4*n - 188, -4*y - 4*n = -416. Calculate the highest common divisor of d and y.
10
Suppose 4*w = i + 2 + 7, -2 = 2*i. Let f = w - 0. Let g be f/(-8) - (-539)/44. What is the greatest common divisor of 132 and g?
12
Let z(c) = -5*c - 5. Suppose -4*m + 26 = -2*h, -2*m = 2*h + 10 - 2. Let p be z(h). Calculate the greatest common divisor of p and 15.
15
Let k(n) = 9 - n**3 + 7*n**2 + 0*n**2 - 7*n**2. Let s be k(0). Let g be 4/14 + (-61)/(-7). Calculate the greatest common divisor of g and s.
9
Let z(l) = 3*l - 2 + 19 + 13 - 8. Let w be z(8). What is the greatest common divisor of 23 and w?
23
Let f(d) = -14*d - 289. Let k be f(-41). What is the greatest common factor of k and 15?
15
Let j be ((-495)/(-6))/((-9)/12). Let p = j + 236. Calculate the greatest common divisor of p and 14.
14
Let r be 1/(24/(-112) + (-2)/(-8)). What is the greatest common divisor of 476 and r?
28
Let p = 112 + 6. Calculate the highest common factor of p and 177.
59
Suppose -7*i = -9*i + 2*q + 372, -4*i + 735 = 5*q. What is the highest common factor of i and 74?
37
Suppose 2*v + p + 3*p = -1484, -15 = 5*p. Let t be (-3)/(4/(v/12)). Calculate the highest common factor of t and 23.
23
Let r = 136 + 244. What is the greatest common factor of 38 and r?
38
Let m(z) = z + 19. Let q be m(0). Suppose 2*u - q = -2*j + 11, -5*j + 35 = -3*u. Calculate the greatest common factor of j and 20.
10
Suppose -152*i + 9792 = -135*i. Calculate the greatest common divisor of i and 64.
64
Suppose -4*m = -5*x - 61, -2*m - 2*x + 82 = 2*m. Calculate the highest common factor of m and 19.
19
Suppose -52 = 13*u - 17*u. Let n = 8 + 5. Calculate the greatest common divisor of u and n.
13
Let b be (-7)/(21/(-18)) + -1. Let o = 62 + -62. Suppose o*h + 6*h - 12 = 0. What is the highest common factor of b and h?
1
Suppose 0 = 4*d - 49 - 23. Suppose 3*k + 0*x = 5*x + 511, k - 187 = 5*x. What is the highest common divisor of d and k?
18
Let x(m) = 3*m**2 + 28*m + 3. Let n be x(-12). Suppose -2*b = 5*q - 39, -2*q + 14 + 10 = -2*b. What is the highest common factor of q and n?
9
Suppose 5*j - 2*t - 3*t = 395, -2*j = -5*t - 164. Let q = -63 + j. Calculate the highest common divisor of 42 and q.
14
Suppose -2*s + k = 2*s, 5*s - 2*k = 0. Suppose -y = 2*i + 3, -15 = -s*i - 5*i + 5*y. Suppose 90 = 2*u - i*u. What is the highest common factor of u and 15?
15
Let x(c) = 39*c**3 + 2*c**2 - 2*c - 1. Let f be x(2). Suppose 2*n - f = -291. What is the greatest common divisor of n and 48?
12
Let r(h) = -2*h**2 + 11*h. Let c be r(5). What is the highest common factor of c and 5?
5
Let t(i) = 71*i + 2517. Let a be t(-35). Suppose -2*w + 5*w - 96 = 0. Calculate the greatest common divisor of w and a.
32
Let i be ((-30)/(-9) - 0)/((-17)/(-663)). Let w(h) = h**3 + 5*h**2 - 5*h + 1. Let c be w(-5). What is the highest common divisor of c and i?
26
Suppose -2*c = -5*o - 29 - 26, -4*o = -2*c + 52. Suppose -45 = 17*d - c*d. Calculate the highest common factor of d and 45.
15
Suppose -5*j + 8 = -3*j. Suppose 4*i - 320 = -4*t, -2*t = -3*t + j*i + 60. Calculate the highest common factor of 114 and t.
38
Let g = -266 - -289. Calculate the greatest common factor of 161 and g.
23
Let o(b) = -2*b + 1. Let y be o(-4). Let h be (-10)/(-40) + 3/4. What is the greatest common factor of h and y?
1
Let d be 15/420*972 - 2/(-7). What is the greatest common divisor of d and 189?
7
Suppose 4*l + 294 = 354. Calculate the greatest common factor of l and 10.
5
Let d = 19 - 13. Let n be 51 - ((-3)/(-3) + 2). Calculate the highest common divisor of n and d.
6
Let y(b) = 6*b**2 + b - 1. Let g be y(1). Suppose 0 = -u - 3*c + 49, 2*c - g*c - 70 = -u. Calculate the greatest common factor of 87 and u.
29
Let q be 7 - 12 - (-10 + -1). Let c be ((-3)/(-6))/(3/6). Let s be 69/c + -1*3. Calculate the highest common divisor of s and q.
6
Let t(x) be the third derivative of x**5/60 + x**4/24 + 2*x**3/3 + 22*x**2. Let l be t(-3). Calculate the greatest common factor of l and 80.
10
Let g(o) = -o**3 + 4*o**2 + o + 3. Let a be g(3). Let j be a + 6/(-10)*-5. Calculate the highest common divisor of j and 9.
9
Let u = -383 - -439. Calculate the greatest common factor of 168 and u.
56
Let n(h) = -50*h + 30. Let q be n(-21). What is the highest common factor of 40 and q?
40
Suppose -7*d - 23*d = -720. Calculate the highest common divisor of d and 12.
12
Let j be 2/(-8) - 162/(-8). Let f be 94/10 - 8/j. Let k(l) = -4*l - 2. Let v be k(-5). What is the highest common divisor of v and f?
9
Suppose 6 = -0*k - 3*k, -m = -5*k - 9. Let n be (10*-3 + 4)*(m - 1). Calculate the greatest common divisor of 130 and n.
26
Let r(g) be the first derivative of g**3/3 - 4*g**2 - 3*g + 5. Let q be r(9). Calculate the greatest common factor of q and 3.
3
Let x(o) = -o**3 - 11*o**2 - 9*o + 9. Let t be x(-10). Let s be (24/(-9))/(t/39). Suppose -m = -17 + 4. Calculate the greatest common factor of s and m.
13
Let w be 8 + 1/((-2)/(-4)). Let t(h) = 9*h + 508. Let q be t(-56). Calculate the highest common divisor of w and q.
2
Suppose 64 = -7*i + 239. Calculate the highest common factor of 200 and i.
25
Suppose 5*q = 2*o - 3*o + 22, -4*o = 5*q - 28. Let k be -23 - (0 + q - 0). Let m be 4/(-3) - 873/k. What is the highest common divisor of m and 155?
31
Let a be (-8)/4*16/(-4). Suppose 0 = -2*j - a, -j - 33 = -4*c + 11. Suppose c = 6*b - 2. What is the greatest common factor of b and 16?
2
Let q be 57 + -3 - (-2 + 6). Suppose 3*h + q = u, 0*u - h + 250 = 5*u. Calculate the highest common factor of u and 10.
10
Let z be 1650/42 + (-8)/28. Calculate the highest common factor of 312 and z.
39
Suppose 0 = 67*t - 81*t + 336. Suppose -q - 5*d + 178 = 2*q, -50 = -q - 4*d. Let m = t + q. What is the greatest common factor of m and 30?
30
Let f be 12 - 2 - (-9)/3. Let y = 14 - f. Suppose 0 = -r + 2*j - y, 4*j - 5*j = -5*r + 31. Calculate the highest common factor of 7 and r.
7
Let b(j) = -8*j + 5. Let p be b(-1). Suppose p - 35 = -4*s + 2*c, 5*c = 4*s - 7. Suppose 0 = 4*h - h - 216. Calculate the greatest common divisor of s and h.
8
Suppose -39*x + 806 = 23*x. Let r be 2*13*44/8. What is the highest common divisor of r and x?
13
Let c be (-201 + 46)*(-1 - 9/(-15)). Calculate the greatest common factor of c and 589.
31
Let l(a) = -a**2 - 11*a - 17. Suppose -b = -4, 3*k + 4 = b - 21. Let i be l(k). Calculate the highest common factor of i and 11.
11
Let q(i) = -2*i + 42. Let m be q(17). What is the highest common factor of 56 and m?
8
Let v = 1062 + -1065. Suppose 0*z + 5*z - 3*m = -20, -5*z - 20 = 5*m. Let k be v/1 - (-13 + z). What is the highest common factor of 70 and k?
14
Let n = -12